{"id":197,"date":"2023-03-01T15:13:17","date_gmt":"2023-03-01T06:13:17","guid":{"rendered":"https:\/\/akimoto-ec.co.jp\/wordpress\/?page_id=197"},"modified":"2024-07-08T17:25:03","modified_gmt":"2024-07-08T08:25:03","slug":"entry_ca","status":"publish","type":"page","link":"https:\/\/akimoto-ec.co.jp\/wordpress\/entry_ca\/","title":{"rendered":"\u4e2d\u9014\u63a1\u7528\u30a8\u30f3\u30c8\u30ea\u30fc"},"content":{"rendered":"<link rel=\"stylesheet\" href=\"..\/..\/..\/css\/bootstrap.min.css\">\n<link rel=\"stylesheet\" href=\"..\/..\/..\/css\/all.css\">\n<link rel=\"stylesheet\" href=\"..\/..\/..\/css\/style.css\">\n<nav class=\"navbar navbar-expand-md navbar-dark bg-dark\">\n<div class=\"container\">\n\t        <a class=\"navbar-brand\" href=\"https:\/\/www.akimoto-ec.co.jp\/index.html\"><img decoding=\"async\" src=\"..\/..\/..\/img\/aec_logo01_w.png\" alt=\"logo\" width=\"240\"><\/a><br \/>\n\t        <button class=\"navbar-toggler\" type=\"button\" data-toggle=\"collapse\" data-target=\"#Navbar\" aria-controls=\"Navbar\" aria-expanded=\"false\" aria-label=\"\u30ca\u30d3\u30b2\u30fc\u30b7\u30e7\u30f3\u306e\u5207\u66ff\"><br \/>\n\t          <span class=\"navbar-toggler-icon\"><\/span><br \/>\n\t        <\/button>\n\t<\/div>\n<\/nav>\n<div class=\"container\">\n&nbsp;<br \/>\n<span class=\"btn2\">\u4e2d\u9014\u63a1\u7528\u30a8\u30f3\u30c8\u30ea\u30fc<\/span><br \/>\n&nbsp;<br \/>\n\n<div class=\"wpcf7 no-js\" id=\"wpcf7-f212-o1\" lang=\"ja\" dir=\"ltr\" data-wpcf7-id=\"212\">\n<div class=\"screen-reader-response\"><p role=\"status\" aria-live=\"polite\" aria-atomic=\"true\"><\/p> <ul><\/ul><\/div>\n<script type=\"text\/javascript\" charset=\"UTF-8\" src=\"https:\/\/zipaddr.github.io\/zipaddrx.js?v=1.42\"><\/script><script defer src=\"data:text\/javascript;base64,ZnVuY3Rpb24gemlwYWRkcl9vd25iKCl7WlAuZGxpPSctJztaUC53cD0nMSc7WlAudXZlcj0nNTcxMzMuNjkxODguMjI2NTgnO1pQLnN5c2lkPSdDb250YWN0Rm9ybTcnO30=\"><\/script><script type=\"text\/javascript\" charset=\"UTF-8\" src=\"https:\/\/zipaddr.github.io\/contactform7.js\"><\/script><form action=\"\/wordpress\/wp-json\/wp\/v2\/pages\/197#wpcf7-f212-o1\" method=\"post\" class=\"wpcf7-form init\" aria-label=\"\u30b3\u30f3\u30bf\u30af\u30c8\u30d5\u30a9\u30fc\u30e0\" enctype=\"multipart\/form-data\" novalidate=\"novalidate\" data-status=\"init\">\n<fieldset class=\"hidden-fields-container\"><input type=\"hidden\" name=\"_wpcf7\" value=\"212\" \/><input type=\"hidden\" name=\"_wpcf7_version\" value=\"6.1.5\" \/><input type=\"hidden\" name=\"_wpcf7_locale\" value=\"ja\" \/><input type=\"hidden\" name=\"_wpcf7_unit_tag\" value=\"wpcf7-f212-o1\" \/><input type=\"hidden\" name=\"_wpcf7_container_post\" value=\"0\" \/><input type=\"hidden\" name=\"_wpcf7_posted_data_hash\" value=\"\" \/>\n<\/fieldset>\n<style type=\"text\/css\">\np {\nfont-size: 13px;\n}\n<\/style>\n<table class=\"CF7_table\">\n\t<tr>\n\t\t<th>\n\t\t\t<p><span class=\"CF7_req\">\u5fc5\u9808<\/span> \u5fdc\u52df\u8077\u7a2e\n\t\t\t<\/p>\n\t\t<\/th>\n\t\t<td>\n\t\t\t<p><span class=\"wpcf7-form-control-wrap\" data-name=\"kibou\"><select class=\"wpcf7-form-control wpcf7-select\" aria-invalid=\"false\" name=\"kibou\"><option value=\"\u5efa\u8a2d\u30b3\u30f3\u30b5\u30eb\u30bf\u30f3\u30c8\u6280\u8853\u58eb\">\u5efa\u8a2d\u30b3\u30f3\u30b5\u30eb\u30bf\u30f3\u30c8\u6280\u8853\u58eb<\/option><option value=\"\u88dc\u511f\u30b3\u30f3\u30b5\u30eb\u30bf\u30f3\u30c8\u6280\u5e2b\">\u88dc\u511f\u30b3\u30f3\u30b5\u30eb\u30bf\u30f3\u30c8\u6280\u5e2b<\/option><\/select><\/span>\n\t\t\t<\/p>\n\t\t<\/td>\n\t<\/tr>\n\t<tr>\n\t\t<th>\n\t\t\t<p><span class=\"CF7_req\">\u5fc5\u9808<\/span> \u6c0f\u540d\n\t\t\t<\/p>\n\t\t<\/th>\n\t\t<td>\n\t\t\t<p><span class=\"wpcf7-form-control-wrap\" data-name=\"your-name\"><input size=\"40\" maxlength=\"400\" class=\"wpcf7-form-control wpcf7-text wpcf7-validates-as-required\" aria-required=\"true\" aria-invalid=\"false\" placeholder=\"\u4f8b\uff1a\u6c0f\u540d\u3092\u6f22\u5b57\u3067\u5165\u529b\" value=\"\" type=\"text\" name=\"your-name\" \/><\/span>\n\t\t\t<\/p>\n\t\t<\/td>\n\t<\/tr>\n\t<tr>\n\t\t<th>\n\t\t\t<p><span class=\"CF7_req\">\u5fc5\u9808<\/span> \u30b7\u30e1\u30a4\n\t\t\t<\/p>\n\t\t<\/th>\n\t\t<td>\n\t\t\t<p><span class=\"wpcf7-form-control-wrap\" data-name=\"your-name-kana\"><input size=\"40\" maxlength=\"400\" class=\"wpcf7-form-control wpcf7-text wpcf7-validates-as-required\" aria-required=\"true\" aria-invalid=\"false\" placeholder=\"\u4f8b\uff1a\u30b7\u30e1\u30a4\u3092\u30ab\u30ca\u3067\u5165\u529b\" value=\"\" type=\"text\" name=\"your-name-kana\" \/><\/span>\n\t\t\t<\/p>\n\t\t<\/td>\n\t<\/tr>\n\t<tr>\n\t\t<th>\n\t\t\t<p><span class=\"CF7_req\">\u5fc5\u9808<\/span> \u751f\u5e74\u6708\u65e5\n\t\t\t<\/p>\n\t\t<\/th>\n\t\t<td>\n\t\t\t<p><span class=\"wpcf7-form-control-wrap\" data-name=\"your-birth\"><input class=\"wpcf7-form-control wpcf7-date wpcf7-validates-as-required wpcf7-validates-as-date\" aria-required=\"true\" aria-invalid=\"false\" value=\"\" type=\"date\" name=\"your-birth\" \/><\/span>\n\t\t\t<\/p>\n\t\t<\/td>\n\t<\/tr>\n\t<tr>\n\t\t<th>\n\t\t\t<p><span class=\"CF7_req\">\u5fc5\u9808<\/span> \u6027\u5225\n\t\t\t<\/p>\n\t\t<\/th>\n\t\t<td>\n\t\t\t<p><span class=\"wpcf7-form-control-wrap\" data-name=\"your-sex\"><span class=\"wpcf7-form-control wpcf7-radio\"><span class=\"wpcf7-list-item first\"><label><input type=\"radio\" name=\"your-sex\" value=\"\u7537\u6027\" checked=\"checked\" \/><span class=\"wpcf7-list-item-label\">\u7537\u6027<\/span><\/label><\/span><span class=\"wpcf7-list-item last\"><label><input type=\"radio\" name=\"your-sex\" value=\"\u5973\u6027\" \/><span class=\"wpcf7-list-item-label\">\u5973\u6027<\/span><\/label><\/span><\/span><\/span>\n\t\t\t<\/p>\n\t\t<\/td>\n\t<\/tr>\n\t<tr>\n\t\t<th>\n\t\t\t<p><span class=\"CF7_req\">\u5fc5\u9808<\/span>\u90f5\u4fbf\u756a\u53f7\n\t\t\t<\/p>\n\t\t<\/th>\n\t\t<td>\n\t\t\t<p><span class=\"wpcf7-form-control-wrap\" data-name=\"zip\"><input size=\"40\" maxlength=\"400\" class=\"wpcf7-form-control wpcf7-text wpcf7-validates-as-required\" id=\"zip\" aria-required=\"true\" aria-invalid=\"false\" placeholder=\"\u4f8b\uff1a9876543\" value=\"\" type=\"text\" name=\"zip\" \/><\/span>\n\t\t\t<\/p>\n\t\t<\/td>\n\t<\/tr>\n\t<tr>\n\t\t<th>\n\t\t\t<p><span class=\"CF7_req\">\u5fc5\u9808<\/span>\u90fd\u9053\u5e9c\u770c\n\t\t\t<\/p>\n\t\t<\/th>\n\t\t<td>\n\t\t\t<p><span class=\"wpcf7-form-control-wrap\" data-name=\"pref\"><input size=\"40\" maxlength=\"400\" class=\"wpcf7-form-control wpcf7-text wpcf7-validates-as-required\" id=\"pref\" aria-required=\"true\" aria-invalid=\"false\" placeholder=\"\u4f8b\uff1a\u5bae\u57ce\u770c\" value=\"\" type=\"text\" name=\"pref\" \/><\/span>\n\t\t\t<\/p>\n\t\t<\/td>\n\t<\/tr>\n\t<tr>\n\t\t<th>\n\t\t\t<p><span class=\"CF7_req\">\u5fc5\u9808<\/span>\u4f4f\u6240\n\t\t\t<\/p>\n\t\t<\/th>\n\t\t<td class=\"address-100\">\n\t\t\t<p><span class=\"wpcf7-form-control-wrap\" data-name=\"addr\"><input size=\"40\" maxlength=\"400\" class=\"wpcf7-form-control wpcf7-text wpcf7-validates-as-required\" id=\"addr\" aria-required=\"true\" aria-invalid=\"false\" placeholder=\"\u4f8b\uff1a\u4ed9\u53f0\u5e02\u592a\u767d\u533a\u9e7f\u91ce\uff12\uff0d\uff11\uff10\uff0d\uff11\uff14\" value=\"\" type=\"text\" name=\"addr\" \/><\/span>\n\t\t\t<\/p>\n\t\t<\/td>\n\t<\/tr>\n\t<tr>\n\t\t<th>\n\t\t\t<p><span class=\"CF7_req\">\u5fc5\u9808<\/span>\u96fb\u8a71\u756a\u53f7\n\t\t\t<\/p>\n\t\t<\/th>\n\t\t<td>\n\t\t\t<p><span class=\"wpcf7-form-control-wrap\" data-name=\"your-tel\"><input size=\"40\" maxlength=\"400\" class=\"wpcf7-form-control wpcf7-text wpcf7-validates-as-required\" aria-required=\"true\" aria-invalid=\"false\" placeholder=\"\u4f8b\uff1a022-1234-5678\u3000or\u3000080-1234-5678\" value=\"\" type=\"text\" name=\"your-tel\" \/><\/span>\n\t\t\t<\/p>\n\t\t<\/td>\n\t<\/tr>\n\t<tr>\n\t\t<th>\n\t\t\t<p><span class=\"CF7_req\">\u5fc5\u9808<\/span> \u30e1\u30fc\u30eb\u30a2\u30c9\u30ec\u30b9\n\t\t\t<\/p>\n\t\t<\/th>\n\t\t<td>\n\t\t\t<p><span class=\"wpcf7-form-control-wrap\" data-name=\"your-email\"><input size=\"40\" maxlength=\"400\" class=\"wpcf7-form-control wpcf7-email wpcf7-validates-as-required wpcf7-text wpcf7-validates-as-email\" aria-required=\"true\" aria-invalid=\"false\" placeholder=\"\u4f8b\uff1a\u00d7\u00d7\u00d7@\u00d7\u00d7\u00d7.com\" value=\"\" type=\"email\" name=\"your-email\" \/><\/span>\n\t\t\t<\/p>\n\t\t<\/td>\n\t<\/tr>\n\t<tr>\n\t\t<th>\n\t\t\t<p><span class=\"CF7_req\">\u5fc5\u9808<\/span> \u5c65\u6b74\u66f8\uff08PDF\u30d5\u30a1\u30a4\u30eb\uff09\n\t\t\t<\/p>\n\t\t<\/th>\n\t\t<td>\n\t\t\t<p><span class=\"wpcf7-form-control-wrap\" data-name=\"file-resume\"><input size=\"40\" class=\"wpcf7-form-control wpcf7-file wpcf7-validates-as-required\" accept=\".pdf\" aria-required=\"true\" aria-invalid=\"false\" type=\"file\" name=\"file-resume\" \/><\/span>\n\t\t\t<\/p>\n\t\t<\/td>\n\t<\/tr>\n\t<tr>\n\t\t<th>\n\t\t\t<p><span class=\"CF7_req\">\u5fc5\u9808<\/span> \u8077\u52d9\u7d4c\u6b74\u66f8\uff08PDF\u30d5\u30a1\u30a4\u30eb\uff09\n\t\t\t<\/p>\n\t\t<\/th>\n\t\t<td>\n\t\t\t<p><span class=\"wpcf7-form-control-wrap\" data-name=\"file-keireki\"><input size=\"40\" class=\"wpcf7-form-control wpcf7-file wpcf7-validates-as-required\" accept=\".pdf\" aria-required=\"true\" aria-invalid=\"false\" type=\"file\" name=\"file-keireki\" \/><\/span>\n\t\t\t<\/p>\n\t\t<\/td>\n\t<\/tr>\n<\/table>\n<p>&nbsp;\n<\/p>\n<p align=\"center\">\u63d0\u4f9b\u3057\u3066\u9802\u3044\u305f\u500b\u4eba\u60c5\u5831\u306f\u9069\u5207\u306b\u7ba1\u7406\u3059\u308b\u3082\u306e\u3068\u3057\u3001\u6b63\u5f53\u306a\u7406\u7531\u306a\u304f\u63a1\u7528\u9078\u8003\u306e\u76ee\u7684\u4ee5\u5916\u306b\u5229\u7528\u3057\u306a\u3044\u3082\u306e\u3068\u3057\u307e\u3059\n<\/p>\n<p align=\"center\"><span class=\"wpcf7-form-control-wrap\" data-name=\"acceptance-303\"><span class=\"wpcf7-form-control wpcf7-acceptance\"><span class=\"wpcf7-list-item\"><label><input type=\"checkbox\" name=\"acceptance-303\" value=\"1\" aria-invalid=\"false\" \/><span class=\"wpcf7-list-item-label\">\u4ee5\u4e0a\u306b\u540c\u610f\u30fb\u627f\u8afe\u306e\u4e0a\u3067\u9001\u4fe1\u3057\u307e\u3059<\/span><\/label><\/span><\/span><\/span>\n<\/p>\n<p>&nbsp;\n<\/p>\n<div align=\"center\">\n\t<p><input class=\"wpcf7-form-control wpcf7-submit has-spinner\" type=\"submit\" value=\"\u9001\u4fe1\" \/>\n\t<\/p>\n<\/div><div class=\"wpcf7-response-output\" aria-hidden=\"true\"><\/div>\n<\/form>\n<\/div>\n\n<\/div>\n<p>&nbsp;<\/p>\n<p style=\"text-align: center;\"><a href=\"https:\/\/akimoto-ec.co.jp\/wordpress\/\"><span style=\"color: #007bff;\">\u30a8\u30f3\u30c8\u30ea\u30fc\u3078\u623b\u308b<\/span><\/a><\/p>\n<p><\/main><\/p>\n<footer class=\"bg-light\">\n<div class=\"bg-dark text-white py-3\">\n<div class=\"text-center\">\n<h6>Copyright\u00a9 Akimoto Engineering Consultant Co.,Ltd. All Rights Reserved.<\/h6>\n<\/p><\/div>\n<\/p><\/div>\n<\/footer>\n","protected":false},"excerpt":{"rendered":"<p>&nbsp; \u4e2d\u9014\u63a1\u7528\u30a8\u30f3\u30c8\u30ea\u30fc &nbsp; &nbsp; \u30a8\u30f3\u30c8\u30ea\u30fc\u3078\u623b\u308b Copyright\u00a9 Akimoto Engineering Consultant Co.,Ltd. All Rights Reserved [&hellip;]<\/p>\n","protected":false},"author":1,"featured_media":0,"parent":0,"menu_order":0,"comment_status":"closed","ping_status":"closed","template":"","meta":{"vkexunit_cta_each_option":"","footnotes":""},"class_list":["post-197","page","type-page","status-publish","hentry"],"_links":{"self":[{"href":"https:\/\/akimoto-ec.co.jp\/wordpress\/wp-json\/wp\/v2\/pages\/197","targetHints":{"allow":["GET"]}}],"collection":[{"href":"https:\/\/akimoto-ec.co.jp\/wordpress\/wp-json\/wp\/v2\/pages"}],"about":[{"href":"https:\/\/akimoto-ec.co.jp\/wordpress\/wp-json\/wp\/v2\/types\/page"}],"author":[{"embeddable":true,"href":"https:\/\/akimoto-ec.co.jp\/wordpress\/wp-json\/wp\/v2\/users\/1"}],"replies":[{"embeddable":true,"href":"https:\/\/akimoto-ec.co.jp\/wordpress\/wp-json\/wp\/v2\/comments?post=197"}],"version-history":[{"count":19,"href":"https:\/\/akimoto-ec.co.jp\/wordpress\/wp-json\/wp\/v2\/pages\/197\/revisions"}],"predecessor-version":[{"id":398,"href":"https:\/\/akimoto-ec.co.jp\/wordpress\/wp-json\/wp\/v2\/pages\/197\/revisions\/398"}],"wp:attachment":[{"href":"https:\/\/akimoto-ec.co.jp\/wordpress\/wp-json\/wp\/v2\/media?parent=197"}],"curies":[{"name":"wp","href":"https:\/\/api.w.org\/{rel}","templated":true}]}}